f 114 and n?
38
Suppose 46 = 5*x - 94. Let g = 0 + x. What is the highest common divisor of 4 and g?
4
Let r be 6/12*(1 + -1) + 2. Suppose 0 = -5*o - 5*j + 15, -o = r*j - 4 - 2. Suppose 2*u - 74 = -o*u. Calculate the highest common divisor of 37 and u.
37
Suppose -571 - 29 = -2*g. Suppose 94*q - 1829 = -1453. What is the highest common factor of q and g?
4
Let g(y) = -19*y - 41. Let d be g(24). Let w = d - -505. Suppose 0 = q - 24 - 8. What is the highest common factor of q and w?
8
Let x be (-5)/15 + (-21)/(-9). Suppose -x*p + 5 = -r, 4*p - p + r - 5 = 0. Suppose -p*v = 4*v - 126. Calculate the highest common factor of 147 and v.
21
Suppose 26*p = 17*p + 108. Let w = p + 68. Calculate the greatest common factor of w and 16.
16
Let n = 5 - -112. Let k(s) = s**3 + 5*s**2 + 10*s + 24. Let g be k(-3). What is the greatest common divisor of g and n?
3
Suppose 3*l - 4*l = 3*d - 2824, -13 = 13*d. What is the greatest common divisor of 22 and l?
11
Let q = 2522 + -2516. Calculate the highest common divisor of q and 681.
3
Let f = 3083 - 3065. What is the greatest common divisor of 36 and f?
18
Suppose -39*k - 560 = k. Let s(f) = -2*f**3 - 29*f**2 - 15*f - 1. Let t be s(k). What is the highest common factor of t and 3?
1
Suppose -30 = -5*o - o. Let x(w) = -2*w + 10 + o*w - 4. Let n be x(6). Calculate the greatest common divisor of 264 and n.
24
Let h = -5099 - -5666. Calculate the highest common factor of 891 and h.
81
Let o be 936/(-832) - 15867/(-24). Calculate the highest common divisor of o and 804.
12
Let i be (0 + -10)/((-78)/39). Suppose 2 = g, 5*b - 10*b - i*g = -115. What is the highest common divisor of b and 2?
1
Suppose 5*x + 5*m = 8250, -150 = -2*x + m + 3141. Calculate the highest common divisor of x and 2379.
183
Suppose -32 = -5*w + 3*f, -34*w - 40 = -39*w - 5*f. Calculate the highest common factor of 413 and w.
7
Suppose m - 1 = 0, 6*i + 6*m = 11*m + 295. What is the greatest common factor of i and 520?
10
Let w be (6796/(-3398))/((-2)/16). Suppose 4*l = 2*l + 2, -4*g = -4*l + 4. Suppose g = -2*p - 2*p + 64. Calculate the greatest common divisor of p and w.
16
Let s = -99 + 101. Let a = s - -38. What is the greatest common divisor of a and 20?
20
Suppose 2*o + 3*b - 2058 = 0, o - 1033 = 16*b - 17*b. What is the greatest common factor of 9 and o?
3
Let k(r) = r**3 - 5*r**2 - 6*r - 6. Let j be k(5). Let t = -31 - j. Suppose 0 = t*v + 55 - 175. Calculate the highest common factor of 16 and v.
8
Let f be (56/(-3) - -2)*507/(-169). Calculate the highest common divisor of f and 45.
5
Let z = 84 + -78. Suppose 4*h = 146 - z. What is the greatest common factor of 1015 and h?
35
Suppose 219*v = 185*v + 29376. Calculate the highest common factor of v and 27.
27
Suppose 895*c - 888*c = 693. Suppose -y = -c - 33. Calculate the highest common factor of 12 and y.
12
Let x(d) = -78*d + 2714. Let g be x(23). Calculate the greatest common divisor of g and 216.
8
Let t(q) = 4*q**2. Let z be t(-1). Suppose -4*v + 22 = -i - 91, -3*v + 75 = -z*i. Calculate the greatest common divisor of v and 29.
29
Suppose -10 = -2*u, -j + 16 + 3 = 2*u. Let f(o) = 14*o - 50. Let n be f(j). What is the greatest common divisor of n and 38?
38
Suppose -17*x - 41 - 135 = -39*x. Let z(v) = v**2 - v + 20. Suppose 5*m = 2*m. Let h be z(m). What is the greatest common factor of x and h?
4
Let z = -1023 + 1207. What is the highest common factor of 7912 and z?
184
Let j = 41 - 8. Let t = -7507 - -7870. What is the highest common divisor of t and j?
33
Let a(q) = -4*q**3 + 81*q**2 + 62*q + 72. Let j be a(21). What is the highest common divisor of j and 111?
3
Suppose 10*i = 13*i - 156. Suppose 5*w - 5*o = 4*w + 111, 87 = w + o. What is the highest common divisor of i and w?
13
Let i = 2896 + -2805. Calculate the greatest common factor of 481 and i.
13
Suppose 87*w = 66*w - 189. Let p be (-1142)/(-3) + 1*6/w. Calculate the highest common factor of 228 and p.
76
Let c be (-516)/(-60) - (-50)/125. Calculate the highest common factor of 1176 and c.
3
Suppose -8 = -3*r - 14, 4*s - 5*r - 1990 = 0. Calculate the highest common factor of 110 and s.
55
Let t = -214 - -217. Suppose -425 + 1385 = t*r. What is the greatest common divisor of 40 and r?
40
Let x be -6 + -5 + 16 + 1 + -4. Let o be 49*2 + (1 - (x - 5)). Let h = o - 87. What is the highest common divisor of h and 60?
15
Let j(r) = r**3 + 4*r**2 - 4*r - 4. Let n be j(-4). Let h be (39/26)/(1/n). What is the highest common divisor of 81 and h?
9
Let r = 42 + -34. Suppose 10*w = 8*w - r. Let g be (1 - 0)*w - -20. What is the highest common factor of 48 and g?
16
Let o(l) = l**2 + 9*l + 12. Let c be o(-6). Let p be 126*(1/c - 4/(-8)). What is the highest common factor of 63 and p?
21
Let r = 8 + 3. Suppose -34*x + 1526 + 14 = -6*x. What is the highest common divisor of x and r?
11
Suppose 253*a - 13207 = 6527. Calculate the greatest common divisor of 8814 and a.
78
Suppose -12 = -3*x, f - x = 5*f - 1016. Let t be 2080/45 + (-2)/9. What is the greatest common divisor of t and f?
23
Let x(k) = -15*k - 421. Let m be x(-29). Let z = -7 + 5. Let f be ((-14)/10)/(z/10). Calculate the highest common factor of m and f.
7
Let o(q) = 13*q + 7. Let r be o(7). Suppose 19*u - 8810 = -3137 + 4568. What is the greatest common divisor of u and r?
49
Let h = -316 - -318. Let z be (-4)/h*855/(-38). Calculate the highest common factor of z and 60.
15
Let n be 1*28*-17*(-74)/629. Let s be (4 + -2)*(2 + -1). Let p be s/8 - (-110)/8. What is the highest common factor of n and p?
14
Suppose -338 - 22 = -5*k. Let f = 12787 + -12697. Calculate the highest common divisor of f and k.
18
Let v = 3060 - -40515. What is the greatest common factor of v and 15?
15
Suppose 5*d - 573 = -223. Let h be (((-2450)/(-200))/7)/(1/48). Calculate the highest common factor of d and h.
14
Let n = 1081 + -781. What is the greatest common divisor of n and 12?
12
Suppose -11757 = -4*s - 11501. Calculate the greatest common divisor of s and 3312.
16
Let i be ((-259476)/49)/4 + 1/(-7). Let w = i + 1384. Suppose 46 + 50 = 2*t. What is the greatest common factor of t and w?
12
Let y(m) = -m**3 - 11*m**2 - 12*m + 62. Let t be y(-10). What is the highest common divisor of 1558 and t?
82
Let m(b) = 29*b + 1036. Let t be m(-35). Let d(z) = 33*z - 6. Let j be d(4). What is the greatest common factor of t and j?
21
Let h be (0 + (-91)/(-2))*(11 - 18/6). What is the greatest common factor of 76 and h?
4
Let c = -8 + 22. Suppose -2064*m + 1902 = -2058*m. Let p = -191 + m. What is the greatest common factor of p and c?
14
Let p = 1466 + -1396. Let u be -3*16/60*150/(-4). Calculate the highest common factor of p and u.
10
Let t be ((-3360)/(-72))/(-14)*(-8358)/10. What is the greatest common divisor of t and 14?
14
Let l be 5070 - (-1 + (-5)/(-4))/(115/460). What is the highest common divisor of l and 74?
37
Let j be -49 + 0/5 + -5 + 0. Let z be (-2133)/j + (-10)/(-4). Calculate the highest common factor of z and 49.
7
Let w = -764 - -907. Let d be ((-1)/(-2))/((-1)/28). Let c = 27 + d. What is the highest common divisor of c and w?
13
Suppose -14817*z + 14823*z = 540. Suppose -3*d = -2*d - 27. What is the highest common factor of d and z?
9
Let h(y) = -24*y - 2. Let b be h(-3). Let m(x) = -x**3 - 78*x**2 - 784*x + 548. Let t be m(-66). Calculate the highest common divisor of b and t.
10
Suppose 2*v - j = 2197 + 50, -2*j = 5*v - 5604. Calculate the highest common factor of v and 132.
66
Let y(i) = -i**3 - 4*i**2 + 2*i. Let w be y(-5). Suppose 0 = -5*k + 4*k + 495. Suppose k = -4*r + 7*r. What is the highest common divisor of w and r?
15
Suppose -55 = -150*y + 845. Let d = 12 + -4. What is the greatest common factor of y and d?
2
Let u be (2 + -1)*(-219)/(-1) + 6. Suppose 0 = -4*m + 6 + 94. Let p be (2 - 0)/(2/m). What is the greatest common factor of u and p?
25
Let l be 7*2/(-2 - 0). Let q(i) = -i**3 - 6*i**2 + 5*i - 6. Let a be q(l). Suppose 486 = -26*c + 512. Calculate the greatest common divisor of c and a.
1
Let y = 105 - 110. Let j(h) = 11 + 6*h + 2*h**2 - h**2 + 0*h. Let q be j(y). What is the highest common factor of 6 and q?
6
Let n = 1363 + -1099. Calculate the highest common factor of n and 594.
66
Let n be (92*-1)/(1 + ((-432)/(-60) - 9)). Calculate the highest common factor of 1